f*m + 22 = 4*s, -s - m + h*m = -11. Is 7 a factor of s?
True
Let p = -6 + 8. Is 17 a factor of (-6)/4 - (-71)/p?
True
Let m(i) = i + 3 + 5 + 0. Let h be m(-4). Suppose h*j - 21 = 3*d, 5*d + 2 = 7. Is j a multiple of 6?
True
Let p = -17 - -11. Let y = 9 + p. Suppose -k = y*k + 5*w - 92, -5*k + 82 = -2*w. Is k a multiple of 9?
True
Let j(h) = h - 7 + 0 - 3*h. Suppose 4*f = 0, -3*c + 0*c = -4*f + 27. Is j(c) a multiple of 4?
False
Suppose 270 + 378 = -3*h. Let f = h - -330. Does 31 divide f?
False
Let h = -15 - -10. Let o(z) = -7*z + 13. Is 16 a factor of o(h)?
True
Let w(k) = 5*k**2 + 2. Is 11 a factor of w(2)?
True
Let v = -9 + 131. Let l be (-43*(-3 - -1))/(-1). Let d = l + v. Is 18 a factor of d?
True
Let j = -14 - -26. Is j a multiple of 3?
True
Let i(r) = -2*r**3 - 8*r**2 - 9*r + 1. Is 6 a factor of i(-4)?
False
Let h be (-2)/(-2) - -1*1. Let l be 0 + (h - 3) + 47. Suppose -2*t - 4*m = -5 - 11, l = 2*t - 2*m. Does 16 divide t?
False
Let i = -11 - -37. Suppose -2*p = 2*m - 18, m = -3*p - m + i. Does 9 divide 2/4 - (-68)/p?
True
Suppose -w = 2*f + 36, -f + 4 - 2 = 0. Is (-4)/10 - 1416/w a multiple of 15?
False
Suppose -3*o + 4*b + 114 = 0, 222 = 3*o + 2*o + 4*b. Is 23 a factor of o?
False
Suppose -z - 5*l = -2*z - 35, 5*z - l = -55. Is 2 a factor of (-66)/z - 4/(-10)?
False
Is 13 a factor of (34/(-4))/(1/(-6))?
False
Let t(h) = -11*h**3 - h**2 - 13*h - 7. Let p(o) = 5*o**3 + 6*o + 3. Let k(b) = 7*p(b) + 3*t(b). Does 4 divide k(2)?
False
Suppose 0*j + j + 113 = 0. Let w = -22 - j. Let f = w - 59. Is 16 a factor of f?
True
Let m(v) = v**3 - 4*v**2 + 8*v - 5. Let x be m(5). Suppose l - x = 30. Suppose 80 = 2*n - 2*y, -3*n - 5*y = -2*y - l. Is 13 a factor of n?
False
Suppose 4*p = -3*h + 89, -p + 5*h + 5 = -0*p. Is p a multiple of 3?
False
Let n = 397 - 201. Is 14 a factor of n?
True
Let o = -294 - -181. Let z = -74 - o. Is 13 a factor of z?
True
Let r(j) be the second derivative of 2*j**3/3 - 5*j**2 - 3*j. Is r(5) a multiple of 5?
True
Suppose 2*w = -3*w + 195. Let d = w - 8. Is 20 a factor of d?
False
Suppose -a - 5*h + 45 = 0, -a = 8*h - 9*h - 15. Does 2 divide a?
True
Let k(u) = u**3 + 6*u**2 - 7*u + 2. Let g be k(-7). Let t be 141/4 + g/(-8). Suppose 5*n + 10 = t. Is 5 a factor of n?
True
Let r = 20 + -10. Suppose -26 = -z + r. Does 18 divide z?
True
Let n(y) = 14*y**2 - 5*y**2 - 3 - 4 + y. Let l(z) = 4*z**2 + z - 4. Let x(r) = 7*l(r) - 3*n(r). Is 19 a factor of x(6)?
False
Does 6 divide (-4 - (2 + 0))/(2/(-38))?
True
Suppose 33 = 3*y + 9. Is 8 a factor of y?
True
Let k(s) be the first derivative of 21*s**2/2 - 2*s - 1. Let o be k(2). Suppose 4*l + 4*q - 40 = 0, 5*l + 0*q = 5*q + o. Is l a multiple of 4?
False
Let k = -373 + 525. Let j = -78 + k. Is j a multiple of 21?
False
Is 25 a factor of 4*45/2 + 4?
False
Let m(u) = -u**3 + 2*u**2 + u. Let y be m(2). Let v be y/(-3) + 5/3. Suppose 19 - v = g. Is 9 a factor of g?
True
Let h(r) = -r**2 + 35*r - 41. Is 40 a factor of h(24)?
False
Let w = -3 - -1. Let m be (-51)/9*(7 - w). Let g = -24 - m. Is 14 a factor of g?
False
Suppose 0 = -4*n + 9*n - 20. Suppose 0 = 2*j - 0 - n. Suppose w + j*r - 22 = 0, 0 = -w + 4*r - 2*r + 22. Is 11 a factor of w?
True
Suppose -4*n + 491 = v, 0 + 15 = 5*v. Let o = n + -54. Is 13 a factor of o?
False
Suppose 229 + 58 = 7*d. Is 8 a factor of d?
False
Suppose -4*d + 2 = -6. Suppose -4*v - 3*z + 7*z = -228, 0 = d*v + 3*z - 99. Suppose -5*k - 4 = -v. Is k a multiple of 3?
False
Let a = 39 - 20. Let j = 2 + -3. Let m = j + a. Is m a multiple of 9?
True
Let b be 13/4 + (-2)/8. Let u = b - 1. Suppose -k = -5 + u. Does 3 divide k?
True
Suppose 5*b - 4*a + 9*a - 360 = 0, 2*a = 5*b - 353. Is b a multiple of 12?
False
Suppose -4*z = 2*u - 28, z - 6*z = -2*u + 10. Is 3 a factor of u?
False
Let v be ((0 + -8)/2)/(-1). Suppose 5*b - 48 = 4*s + 3, v*b = -4*s + 48. Is 5 a factor of b?
False
Suppose -6*o - 4*o + 550 = 0. Is 5 a factor of o?
True
Let d = -4 - -7. Suppose d*o = 65 + 70. Is o a multiple of 16?
False
Let j = -19 + 32. Suppose -3*l + j = -11. Is l a multiple of 8?
True
Let v(c) = -5*c**3 - 3*c**2. Is v(-2) a multiple of 7?
True
Suppose 4*j - 53 - 55 = 0. Is j a multiple of 15?
False
Let q = 54 + -10. Does 11 divide q?
True
Let b(z) = 36*z**2 + 2*z - 1. Suppose 2*q - 2*k + 5 = 1, 7 = -5*q + 4*k. Does 12 divide b(q)?
False
Let i(a) = -2*a**2 + 4*a + 1. Let c be i(4). Let h = c - -83. Suppose 0 = 4*r - h - 64. Is r a multiple of 17?
False
Suppose v + 8 + 124 = n, -v - 528 = -4*n. Does 12 divide n?
True
Let d be 1*(1 + 3/(-1)). Let g(u) = 4*u**2 + 2*u + 1. Is g(d) a multiple of 7?
False
Is 25 a factor of 37 + -4*9/(-12)?
False
Let m be (-3 - -1)*(3 - 13). Suppose -22 = 2*o + m. Is 5 a factor of (-8)/(-6)*o/(-2)?
False
Let k(v) be the second derivative of 5*v**4/6 - v**3/3 - 2*v**2 + 2*v. Does 23 divide k(3)?
False
Let o be (6/18)/(2/18). Suppose 0*j + g + 148 = o*j, 5*j - g - 244 = 0. Suppose -j = -2*a + z, -4*a + 5*z + 92 + 16 = 0. Does 11 divide a?
True
Let s be -2 + 3 + (-3 - -6). Suppose 0*x = 3*x - 3*z - 213, s*z - 86 = -x. Is 27 a factor of x?
False
Let b = -182 - -305. Suppose -5*h + 4*h = -2*y - 59, 2*h - 3*y = b. Is h a multiple of 23?
True
Let c(m) = -m + 5. Let o be c(9). Let b(q) = -3*q - 3. Is b(o) a multiple of 9?
True
Is 17 a factor of 39 - 2/(-4)*-2?
False
Suppose 4*f - 88 = 2*k, 3*f - k + 0*k - 64 = 0. Is 20 a factor of f?
True
Let s = 12 - 0. Suppose -5*k = -6*x + x, -4*x + s = 0. Does 3 divide k?
True
Let v = 509 - 346. Does 29 divide v?
False
Let s = 89 + -30. Let r = -32 + s. Is 10 a factor of r?
False
Let s = -97 + 39. Let t be (-4)/(2/s*2). Let h = t - 33. Does 9 divide h?
False
Let i(s) be the third derivative of -s**6/120 - s**5/60 + s**4/3 + s**3/2 + 5*s**2. Is 24 a factor of i(-5)?
False
Let d be -1*(1 - -1) + 20. Suppose 19 = -5*o - 2*s, -3 = -3*o - 3*s - 9. Let k = d + o. Is 13 a factor of k?
True
Let r(o) = o - 29. Let n be r(0). Let u = n + 69. Does 8 divide u?
True
Suppose -4*s - s + 10 = 0. Suppose 3*t - 3*f = s*f - 17, 4*f - 15 = t. Does 5 divide (-12)/(t/((-3)/6))?
False
Let x(f) = -10*f - 5. Is x(-5) a multiple of 8?
False
Suppose -2*m = -2 - 2. Let v be m/(-11) + (-192)/33. Let p = v + 14. Does 3 divide p?
False
Suppose 2*h - 28 = 3*x - 7*x, 3*x + 18 = 5*h. Suppose -36 = h*v - 3*v. Is 122/6 + 4/v a multiple of 7?
False
Suppose -4*p + 28 = -3*p + k, -p - 3*k + 20 = 0. Let f = 15 - p. Let w = -6 - f. Is w a multiple of 8?
False
Let m be (0 + 10)*56/10. Suppose -2*n + 254 = m. Is n a multiple of 30?
False
Let w be (-2)/(9/6 + -1). Let h = 2 + w. Does 4 divide 96/(-40)*5/h?
False
Let y = 610 + -385. Is y a multiple of 45?
True
Suppose -y + 4*y - 282 = 0. Is 13 a factor of y?
False
Let o(v) = v**2 + v + 2. Let z be o(0). Let r = 3 + z. Is 5 a factor of r?
True
Let y(c) = -52*c. Suppose v = 2*f + 4, -3*f + v - 2 = 2. Suppose -2*n - 2 = -f*n. Is y(n) a multiple of 19?
False
Let m(j) be the first derivative of -j**4/4 - 8*j**3/3 - j**2/2 + 9*j + 1. Let x be m(-8). Suppose 0 = 4*u - 23 - x. Does 5 divide u?
True
Let h(i) = i**2 - i + 12. Is h(-8) a multiple of 14?
True
Is 9 a factor of 3*(2 + -6 + 13)?
True
Suppose y = -y + 138. Does 10 divide y?
False
Suppose 2*j - 4 = 2, -8 = -4*m + 4*j. Suppose m*k = 2*k + 93. Does 18 divide k?
False
Let t(v) = 3*v**2 - v + 2. Let n = -3 - -7. Let h be (-4)/(-3) + n/6. Is 12 a factor of t(h)?
True
Suppose -4*a - 1362 = -3*m, 2*m + a + 2*a - 925 = 0. Does 54 divide m?
False
Let n(a) = 6*a**2 - 8*a + 5. Let s(f) = -5*f**2 + 7*f - 4. Let g(t) = 6*n(t) + 7*s(t). Let x be g(-3). Suppose 17 + x = k. Does 12 divide k?
False
Suppose b - 1 - 28 = 0. Does 13 divide b?
False
Let g = -16 + -26. Let f = 109 + g. Is 17 a factor of f?
False
Let z = -70 + 119. Is 8 a factor of z?
False
Suppose -156 = -11*y + 7*y. Is 4 a factor of y?
False
Let m = 14 + -6. Suppose -i + 3*a - m*a = -7, -3*i = -4*a - 97. Does 27 divide i?
True
Let p(y) = y**3 - 7*y**2 + y + 5. Let u(b) = -7*b. Let g = 6 - 7. Let i be u(g). Is p(i) a multiple of 6?
True
Let g(o) = -2*o - 7. Let i be g(-5). Let l(t) = -4*t**2 - t. Let z be l(i). Let r = 61 + z. Does 11 divide r?
True
Let j(n) = n**3 - 6*n**2 + 3*n - 8. Let v be j(6). Let a = v + 8. Suppose 54 - a = 4*w. Is 9 a factor of w?
True
Let w(g) = 2*g**2 - 8*g + 3. Let l(x) = x**3 - 13*x**2 + 13*x - 5.